er when 33 is divided by v?
15
Let u = -1114 + 1119. Calculate the remainder when 459 is divided by u.
4
Suppose -13*w - 4*w + 85 = 0. Calculate the remainder when -2 + (0/1 - -29) is divided by w.
2
Suppose -5*a - 5*m + 160 = 0, -3*m = -5 - 1. Let v be 12/(-8) + 90/12. What is the remainder when a is divided by 5/((-10)/v)*-1 + 8?
8
What is the remainder when 352 is divided by (-2 + -34)/(108/(-20) + 5)?
82
Let l(j) = -2*j**2 - 6*j + 7. Let a be l(7). Let z = -82 - a. Let p(t) = 2*t**2 - 4*t - 3. Calculate the remainder when z is divided by p(4).
12
Let f be 6/4*1/((-3)/112). Let i = -34 - f. What is the remainder when 87 is divided by i?
21
Suppose 4*s - 4*i = -0*i + 112, 0 = -5*i - 10. Suppose 2 = -2*d - 28. Let u = s + d. What is the remainder when 21 is divided by u?
10
Let s(k) = 7*k - 4. Suppose -4*y + 3*p + 63 = 0, 9*p - 5*p = -4. Calculate the remainder when s(13) is divided by y.
12
Suppose -5*n + 115 = -3*c + 5, c - 14 = -n. Suppose -5*t = -n - 16. Calculate the remainder when 26 is divided by t.
5
Let o be (-2842)/42 + 1/(-3). Let x = -21 - o. Calculate the remainder when x is divided by 12.
11
Let r = 93 + -91. Suppose -c + r = -4*w - 14, -2*c + 5*w = -44. Suppose -2*m = a - 4*a - 249, -3*m = 2*a - 380. Calculate the remainder when m is divided by c.
30
Let n = 651 + -584. What is the remainder when n is divided by 8?
3
Let a be (-2)/(-16)*34*4. Let i be 3*((-294)/63 - (-10)/2). Suppose -m + i = -a. Calculate the remainder when 51 is divided by m.
15
Let b = 32 - -102. Let m = b + -88. What is the remainder when m is divided by 6?
4
Suppose 4*c - 55 = -27. What is the remainder when c is divided by -4*3/(-3 + 0)?
3
Let y(w) = -w**3 + 7*w**2 + 2*w - 7. Let h be y(7). Calculate the remainder when 1320/18 - 2/(-1 + h) is divided by 19.
16
Let t be 70119/36 + 1/4. What is the remainder when t/16 + (-1)/(-4) is divided by (-4)/6*(-93)/2?
29
Let w(y) be the first derivative of -4 - y + 4/3*y**3 - 1/2*y**2. What is the remainder when w(-3) is divided by 13?
12
Let g(q) = 4*q + 1 - 4*q + 8*q - 2*q. What is the remainder when g(5) is divided by 17?
14
Let n(l) = -l**2 - 41*l + 283. What is the remainder when n(-39) is divided by 33?
31
What is the remainder when ((-440)/(-60))/((-1)/(-33)) is divided by 49?
46
Let w = 253 - 224. Calculate the remainder when 202 is divided by w.
28
Let r(v) = v**2 + 7*v + 80. Let b = 14 - 14. What is the remainder when r(b) is divided by 27?
26
Let o be ((-34)/(-4) - (-3)/(-6)) + -3. Suppose 0 = -o*u + 2*p + 24, -9 = -4*u + 5*p - 0. Calculate the remainder when 35 is divided by u.
5
Suppose -2*l - 30 = 40. Let v = l + 47. Let s(t) = t**3 - 5*t**2 - 3. Calculate the remainder when s(6) is divided by v.
9
Suppose -335 = 3*f - j + 5*j, -4*j - 440 = 4*f. Calculate the remainder when (31/(-5) + 1)*f/7 is divided by 16.
14
Suppose -4*j + 2*j = 4*w - 22, 4*j - w - 89 = 0. Suppose -1352 = -3*l + 463. Calculate the remainder when j is divided by (-3 - (-17)/5)/(22/l).
10
Suppose -5*x + 4289 = -c, -14*x - 3*c + 2559 = -11*x. Calculate the remainder when x is divided by 41.
37
Let x = -108 - -251. Let f = 159 - x. Calculate the remainder when 77 is divided by f.
13
Suppose -4*g + 121 = 2*c - 53, 0 = -4*g - 12. What is the remainder when c is divided by 52?
41
Suppose a = -a - 4*m + 12, 0 = -2*a + 4*m + 36. What is the remainder when 440 is divided by a?
8
Let s(j) = -j**2 - 13*j - 12. Let v(w) = w**3 + 12*w**2 + 8*w + 14. Let n be v(-11). What is the remainder when (-1)/(-1) + n/1 is divided by s(-11)?
8
Let h be 33/9 + (-3 - 7/(-3)). What is the remainder when (-2 + h)*5 - 2 is divided by 1?
0
Let k(v) = v**3 + 11*v**2 + v + 16. Let t be 2/6 - 1/3. Suppose t*m = -m + 2. Calculate the remainder when k(-11) is divided by m.
1
Let q be ((-2)/(-4))/(2/8). Let f(z) = 2 + 2*z**q - 2 + 2 - 4. Calculate the remainder when 9 is divided by f(-2).
3
Let l(t) = t**3 + 10*t**2 + 8*t - 3. Let n = -39 + 30. What is the remainder when (1 - 1)/(-3) - -15 is divided by l(n)?
3
Suppose 2*c - 6 = p, 0 = c - 2*p + p - 4. Suppose -g = 2*k - 4*k - 64, 0 = 2*g + c*k - 146. Let o = g - 38. What is the remainder when o is divided by 12?
8
Let l = 9 - 7. Suppose -i = -2*i + l. Suppose -i*b + 2*m = -50, 3*b - 2*m - 31 - 49 = 0. What is the remainder when b is divided by 16?
14
Let t = 25 - 5. Let h be (16/t)/((-4)/(-30)). Let p(d) = 12*d + 1. Calculate the remainder when p(h) is divided by 25.
23
What is the remainder when 114 is divided by (175/14 - 15)/((-1)/2)?
4
Let m(r) = 9*r - 37. Let t(w) = 5*w - 18. Let a(f) = 2*m(f) - 5*t(f). What is the remainder when a(-9) is divided by 10?
9
Suppose -2*a - 2 = 4*v, -a - 4*a - 11 = 4*v. Calculate the remainder when 1 is divided by v.
0
Let u = -622 - -631. Calculate the remainder when 113 is divided by u.
5
Suppose 8*r - 428 = 2948. What is the remainder when r is divided by 8?
6
What is the remainder when (372 + -14)*3/(12/2) is divided by 86?
7
Let k(f) = f**3 + 8*f**2 - 16*f - 20. What is the remainder when 212 is divided by k(-9)?
40
Suppose -3*l + 32 - 29 = 0. Let v be -1*3*1/l. Calculate the remainder when 38 is divided by (-145)/(-15) + (-1)/v.
8
Let y(g) be the third derivative of g**4/24 - g**3 + 7*g**2. Let u be y(6). Suppose u = -5*b + 17 - 2. What is the remainder when 10 is divided by b?
1
Suppose -137 = 6*v - 821. What is the remainder when v is divided by 26?
10
Let o(y) = 10*y + 27. Suppose 2*i = 2*b - 42, 6*i - 12 = -2*b + 2*i. What is the remainder when b is divided by o(-2)?
2
Suppose 4*v + 38 = 110. Let j = 2512 - 2424. Calculate the remainder when j is divided by v.
16
Suppose 16 = -88*r + 984. Let t(y) = -y + 1. Let g be t(1). What is the remainder when 19 + (g/1)/(-1) is divided by r?
8
What is the remainder when 23 is divided by 2/(1 + -2)*-11?
1
Calculate the remainder when -7 + 169 + 5/(-1) is divided by 83.
74
Let k be 4/((-152)/78 - -2). Let t(c) = c**2 + 10*c + 31. Let m be t(-6). Suppose -k = -m*f + 4*f. What is the remainder when 49 is divided by f?
23
Suppose -5*t - 43 = -243. Suppose -3*p + 10 = 5*h - 12, -h + 66 = 5*p. Calculate the remainder when t is divided by p.
12
Suppose 3306 = 2*i - 36*t + 35*t, 0 = -3*i + 3*t + 4953. What is the remainder when i is divided by 92?
91
Let v(x) = 20*x + 15*x + 8*x + 14*x. Calculate the remainder when v(1) is divided by 21.
15
Let p(h) = 3*h**2 - 11*h - 3. Suppose -26*i = -19*i + 35. Calculate the remainder when p(i) is divided by 43.
41
Suppose -34*b = -44*b + 900. What is the remainder when b is divided by 13?
12
Suppose 0 = -0*x + 5*x - 315. Suppose -297 = -16*j - 11*j. What is the remainder when x is divided by j?
8
Suppose -6 = -j - 3*y, 494*y - 489*y - 8 = -j. Calculate the remainder when (-4)/(0 + 4/(-6)) is divided by j.
0
Calculate the remainder when 100 - (-6 - (-6 - 6)) is divided by 64.
30
Let i(f) = 2*f - 12. Let v be i(0). Calculate the remainder when 38 is divided by (-2)/((-5)/(-33) + 4/v).
5
Suppose -26 = 2*o - 34. Suppose -o*i + 3*i = -11. Calculate the remainder when 21 is divided by i.
10
Suppose 0*d = -7*d + 35. Calculate the remainder when 20 is divided by d.
0
Let x(l) = -l**3 + 23*l**2 - 32*l + 95. Calculate the remainder when x(21) is divided by 40.
25
Suppose -2*r + 12*d = 16*d - 68, -2*r + 4*d = -68. Calculate the remainder when r is divided by 23.
11
Let i(p) = 2*p**2 + 11*p - 16. Let j be i(8). Suppose -4*q + 7*w + j = 2*w, 5*q - 4*w = 250. What is the remainder when q is divided by 14?
8
What is the remainder when 349 is divided by (572/(-55))/13 + 374/5?
53
Let j(l) = -3*l + 151. What is the remainder when j(-49) is divided by 96?
10
Suppose -3*d + 8 = -5*c, -4*d + 3 = -3*c - 4. Suppose -s + 7 = -d. Suppose -5*a + s*a - 30 = 0. What is the remainder when 28 is divided by a?
8
Let l(c) = 65*c - 188. Calculate the remainder when l(6) is divided by 34.
32
Suppose 2*p - 62 = -2*y, -2*y + 140 = 3*y + 2*p. Let z = -11 + y. Calculate the remainder when z is divided by 8.
7
Calculate the remainder when 34 is divided by (-13 - -7)*(-3 - -1).
10
Calculate the remainder when 104 + (-3)/((-6)/16) is divided by 5.
2
Let n(a) = -a + 9. Let k be n(-8). Suppose y - k = -2. Let l = 22 - 13. Calculate the remainder when y is divided by l.
6
Suppose -78*g = -82*g + 12. Calculate the remainder when 179 is divided 